s the remainder when q is divided by 7?
5
Let o(j) = -47*j - 45. What is the remainder when o(-4) is divided by 20?
3
What is the remainder when 146 is divided by 1107/24 + 26/(-208)?
8
Let o = -9 - -23. Suppose u - 1 = 2*r, -4*r - u = u + 22. Calculate the remainder when (2 + -3)*r*13 is divided by o.
11
Let r = 143 - 103. Calculate the remainder when 117 is divided by r.
37
Let v(w) = w - 54. Let r be v(11). Let t = 54 + r. Calculate the remainder when 34 is divided by t.
1
Let s = 202 + -190. What is the remainder when 58 is divided by s?
10
Let x(r) = 28*r**2 - r + 1. Let n be x(-2). Suppose i - 6*i + 2*p = -n, 4*i - 3*p - 85 = 0. Calculate the remainder when 45 is divided by i.
20
Let n = 6514 + -6461. Suppose -a - a + 56 = 0. Calculate the remainder when n is divided by a.
25
Suppose -16*i = -10*i + 528. Let c = 90 + i. What is the remainder when 2 is divided by c?
0
Let d(i) = i**3 - 4*i**2 + 9. Suppose -40 = -5*g - 5*g. What is the remainder when 26 is divided by d(g)?
8
Let k(m) = -m**3 - m**2 + 7*m - 2. Let y be k(2). What is the remainder when -11 - -24 - (-1 + y) is divided by 5?
4
Suppose 20*n = 17*n - 162. What is the remainder when 20 is divided by (8/((-96)/n))/(3/4)?
2
Suppose -2*p - 5*l + 2411 = 0, -902 = 2*p - 5*l - 3343. What is the remainder when p is divided by 38?
35
Let f = -273 - -306. Suppose 2 - 1 = c. What is the remainder when f is divided by 9 + 0 + -3 + c?
5
Let i(b) = -36*b**3 + b**2 + b + 1. Let f be i(-1). Let r = 55 - 60. Let s = f + r. What is the remainder when 61 is divided by s?
29
Let g = 133 + -123. Suppose 22*k - g = 21*k. Calculate the remainder when 13 is divided by k.
3
Let k be (-9)/6 - 2/(-4). Calculate the remainder when -1*1 - (32 + -35) is divided by 3 + k + 5/(-5).
0
Suppose -3*v = -c - 0*v + 13, 0 = 5*c - 3*v - 53. Let l = 4 - c. What is the remainder when 61 is divided by (-2)/(-6) - 94/l?
13
Let b(g) = -3*g - 21. Let w be b(-8). Suppose 4*m + m + 39 = w*z, 5*z - 34 = -2*m. What is the remainder when 26 is divided by z?
2
Suppose -2*q = -5*p - 3, 4*p - 3*p = -3. Let v(j) = 7*j + 36*j**2 - 17*j**2 - 17*j**2 - 7. What is the remainder when v(q) is divided by 13?
10
Suppose -8*h + 3*h = -10. Calculate the remainder when 4/(-1)*((-15)/4 - h) is divided by 8.
7
Let o = 42 - 41. Suppose b + 2*p + o = 16, 0 = -4*b - 2*p + 90. Suppose 0 = 4*d + 197 - 589. Calculate the remainder when d is divided by b.
23
Let b(k) be the third derivative of -k**6/40 - k**5/12 - k**4/8 + 13*k**2. What is the remainder when b(-3) is divided by 12?
9
Suppose -4*p + 32 = -3*d, -p + 3*p = 3*d + 16. Let j be 2/(-16)*-4*2. What is the remainder when 165/12 + j/4 is divided by p?
6
Suppose 5*u = 4*r + 91, -7*u + 11*u + 2*r - 78 = 0. What is the remainder when u is divided by 16?
3
Suppose 2*k = 4*o + 96, -k - 4*k + 240 = -5*o. Calculate the remainder when 239 is divided by k.
47
Let w(z) be the third derivative of -z**5/60 - 5*z**4/8 - 3*z**3/2 + 7*z**2. Let h = -42 - -28. What is the remainder when w(h) is divided by 3?
2
Let q = 340 + -255. Calculate the remainder when q is divided by 33.
19
Suppose 9 = -h - 5*l, 5*l + 10 = -0*l. Let y(b) = 69*b**2 + b. Calculate the remainder when 135 is divided by y(h).
65
Let r(y) = 41*y**2 - y + 1. Let q be r(1). Let a = q + -34. What is the remainder when 13 is divided by a?
6
Suppose 0 = 3*x - 5*x + 210. Let y(o) = 5*o**2 - 10*o + 21. Calculate the remainder when x is divided by y(3).
33
Suppose 137 - 41 = 16*g. Suppose 3*l + f = -3*f + 87, 4*l - 126 = -2*f. Calculate the remainder when l is divided by g.
3
Let v(n) = 4*n**2 - 5*n + 2. Suppose -g + 7 = 2, -4*g = -5*x + 40. Calculate the remainder when v(3) is divided by x.
11
Let d be 13 - (-2 + -2) - -1. Suppose 49 + 5 = d*w. What is the remainder when 10 is divided by w?
1
Suppose -3*z = -10 - 83. Let u = z + -29. Suppose -u*d - 20 + 62 = 0. Calculate the remainder when d is divided by 12.
9
Let u(a) = 3*a**2 + 3*a + 3. Let k be u(-3). Suppose -3*h = h - 24. Suppose -5*g + 4 = -5*r - k, h = 3*r. What is the remainder when g is divided by 4?
3
Suppose -16*j + 18*j - 138 = 0. Suppose 8*w + 96 = 12*w. Calculate the remainder when j is divided by w.
21
What is the remainder when 889/(-21)*18/(-3) is divided by 82?
8
Let u(a) = a**2 - 9*a + 15. Suppose -v + 2*f + 72 = 0, 2*v - 3*f - 43 = 102. What is the remainder when v is divided by u(10)?
24
Suppose -5*y = 2*z + 17 - 15, 5*z - 49 = y. Suppose -3*d - d = 3*k - 153, 2*k - 4*d - 82 = 0. Let b = -32 + k. Calculate the remainder when b is divided by z.
6
Suppose 0 = -4*k - u + 1037, 4*k + 0*u + 5*u - 1057 = 0. Suppose 4*w = 5*f - k, 5*f - 2*w - 83 = 171. What is the remainder when f is divided by 17?
16
Let n = 336 + -238. Calculate the remainder when n is divided by ((-350)/(-154))/(2/22).
23
Let b = -117 + -22. Let q = 226 + b. Calculate the remainder when q is divided by 18.
15
Suppose 7*o = 462 - 0. What is the remainder when o is divided by 23?
20
Let v = -6 + 24. Let x = 23 - v. Suppose -4*s - t = -16, -x*s - 3*t + 12 = -8. What is the remainder when 14 is divided by s?
2
Suppose 3 = -0*r + r. Suppose -5*l - 6 + 23 = -2*y, l + 15 = 5*y. Calculate the remainder when l is divided by r.
2
Let o be 85 + (-6)/(-4)*8/6. Suppose 5*i - 82 = -5*k + 63, i + o = 3*k. Suppose 4*y = y + 30. What is the remainder when k is divided by y?
9
Let i = -69 + 102. Let r = -27 - -31. Suppose -80 = -r*l + 2*o, 3*o + 11 + 1 = 0. What is the remainder when i is divided by l?
15
Suppose 82 = 5*a + 4*o, 0 = 5*a + 3*o - 67 - 17. What is the remainder when 5/(-30) + (7322/(-12))/(-7) is divided by a?
15
Suppose 0 = 7*b - 10*b + 42. Suppose -3*p + b = -2*p. Let y(w) = -5*w - 2. Calculate the remainder when y(-8) is divided by p.
10
Let y be (-618)/21 - 12/21. Let i = y - -59. Calculate the remainder when i is divided by 6.
5
Let p be -12 + 1 + (-2 - 0). Let t = -584 + 606. Let r = p + t. What is the remainder when r is divided by 4?
1
Suppose l - 144 = 64. Calculate the remainder when ((-600)/(-480))/((-2)/l*-2) is divided by 14.
9
Let g(f) = -2*f + 6. Let k be g(-4). Let l(y) = -y**3 + 15*y**2 - 13*y + 2. Calculate the remainder when 60 is divided by l(k).
12
Let t = 38 - 34. Calculate the remainder when 16 is divided by (-152)/(-26) + t/26.
4
Let r(m) = -m**3 - 11*m**2 - 10*m + 6. Let x(z) = z + 9. Let b be x(-9). Suppose -4*p = -b*p + 40. Calculate the remainder when 23 is divided by r(p).
5
Let a(o) = 10*o - 1. Suppose 56 = 4*k + 2*h, -4*k - 12*h + 60 = -9*h. Calculate the remainder when a(6) is divided by k.
11
Let o(y) = -y**2 + 9. Suppose 0 = x - 3*m - 31, -4*x - 30*m + 35*m + 110 = 0. Calculate the remainder when x is divided by o(0).
7
Suppose -3*d = -2*d - 42. What is the remainder when d is divided by 2/(-13) - (-290)/(-26)*-1?
9
Let x = 23 + -14. What is the remainder when x is divided by 6 - 14/238*0?
3
Suppose -b + 123*z + 57 = 119*z, 5*z - 171 = -3*b. Let i(x) = -x**2 - 9*x + 3. What is the remainder when b is divided by i(-6)?
15
Let t = 1623 + -1546. What is the remainder when 261 is divided by t?
30
Suppose -21*s = -18*s - 861. Suppose 5*i = 12*i - s. Suppose 5 = 2*g - 17. Calculate the remainder when i is divided by g.
8
Suppose 3*l + 2*m - 49 = 0, 2*l - 7 = -5*m + 22. Calculate the remainder when l is divided by 5.
2
Suppose 5*s = 5*t + 45, 38*t - 14 = -s + 34*t. Suppose 3*y = 6*y + 3, 3*y + 144 = 3*j. Calculate the remainder when j is divided by s.
7
Suppose 0 = 5*o + 2*c - 75, o + 4*c = 4*o - 45. What is the remainder when o/9 + (-2)/(-6) - -1 is divided by 2?
1
Suppose -5*j - l + 23 = -82, -115 = -5*j - 3*l. Calculate the remainder when 198 is divided by j.
18
Let q(j) = -2*j**2 - 16*j - 12. Let x be q(-7). Suppose 196 = 5*p - 3*n, -x*p + 0*n + 91 = 3*n. What is the remainder when p is divided by 24?
17
Suppose -12 = -6*n - 0. Suppose -n*b = -5 + 3. Suppose -z - b = -29. Calculate the remainder when 111 is divided by z.
27
Suppose 0 = -4*c + 215 + 33. Suppose -20*i + 297 = -43. What is the remainder when c is divided by i?
11
Let y = 196 + -129. Let w = -39 + y. Let z(i) = i**2 + 5*i + 6. Calculate the remainder when w is divided by z(-5).
4
Let i(x) = x**2 + 4*x - 10. Let p be 649/(-44) + 2/(-8). Let z be i(p). Suppose b + z = 6*b. What is the remainder when 122 is divided by b?
29
